1 - 18) + 11?
5
What is the value of (-7 - (-3 + 0)) + 3?
-1
What is -4 + (-3 - (-1 - -1))?
-7
Evaluate (3 - 0) + -4 + 7 + -1.
5
Calculate 4 - (-3 + 0 + 3).
4
Calculate -8 - (2 + -5 - (15 - 8)).
2
Calculate 2 + 2 + (2 - 2) + -6.
-2
What is -5 + 4 + 0 + 0?
-1
Evaluate 1 - ((-10 - -3) + 7).
1
(2 - -2) + 4 + (1 - 5)
4
Evaluate -1 + 3 + -4 - (-1 - -2).
-3
Calculate 11 - 11 - (3 - -1).
-4
What is -2 - (-7 - -10) - 1?
-6
What is the value of 4 - (4 - -1 - 3)?
2
(7 - 3) + -1 + -4 - 5
-6
Evaluate (1 - -1) + (-14 - -5).
-7
Calculate 0 + -18 - (-46 - -33).
-5
1 + -3 + -151 + 146
-7
What is the value of 2 - (-5 - (-5 + (4 - 7)))?
-1
What is the value of 4 - (1 - 6 - -5) - 2?
2
Calculate -2 + 6 + (3 - -2) - 5.
4
What is the value of 0 + 3 + -12 - -4?
-5
Evaluate -5 + (9 - 8 - (-3 - -2)).
-3
Calculate (0 - -2) + 6 - (0 + 2).
6
Calculate 1 - (-3 + 3 + -3).
4
2 - 1 - (3 + 3) - -8
3
What is -11 + 1 + (-5 - -10)?
-5
What is the value of 4 - (3 + 3) - -7?
5
(-5 - (1 + -4)) + -2
-4
What is (-6 + 1 - -5 - 2) + -4?
-6
Calculate -5 + (-3 - (8 - 13)) + -5.
-8
What is 3 - ((2 - -1) + (13 - 15))?
2
What is (5 - (-2 + 2 - -8)) + -3?
-6
What is the value of -5 - (6 + -8) - 0?
-3
What is the value of -3 - (-4 - -4 - -2)?
-5
Evaluate 1 - 0 - (7 - 6).
0
What is 7 + (1 - 4) + -4 + 5?
5
2 - (-3 + 1 - 0)
4
-2 - (-4 + -5) - (-8 - -17)
-2
Calculate (-3 - (10 - 7)) + 2 - -9.
5
Calculate (-6 - -1) + 14 + -17 + 1.
-7
-2 - (-5 - -2 - (1 + -7))
-5
Evaluate -3 - (2 - (1 - -2)).
-2
What is the value of 4 - ((6 - 2) + (-6 - -1))?
5
Evaluate -13 - (14 + -13 + -21).
7
What is the value of 6 + 9 + -16 + -1?
-2
Calculate 1 + 1 + (4 - (7 - -4)).
-5
What is -2 - (-5 - ((0 - -3) + -1))?
5
Calculate (2 - 8) + 16 - 7.
3
Evaluate 0 + 5 - (-32 - -35).
2
Calculate 5 - (25 + -27 - (-3 + -1)).
3
What is the value of (1 - (-10 + 6)) + 1?
6
What is the value of -2 + (7 + 3 + -3 - 0)?
5
What is 0 - (-3 - (0 + (-1 - 0)))?
2
Evaluate -13 - (-16 - -6 - (2 + -5)).
-6
What is 0 - (0 + 2 + -4)?
2
Calculate -4 + -6 + (22 - 17).
-5
What is 7 - ((-3 - -4) + -2 + 3)?
5
What is the value of -5 - (4 + -5 - 6 - -2)?
0
What is 42 + -33 + (1 - 6)?
4
3 - ((-2 - (-2 - -1)) + 9)
-5
Calculate 1 + -11 - (-17 + 5).
2
What is the value of (-4 - -3 - 0) + 4?
3
-9 - -7 - (1 + 2) - 0
-5
Calculate 0 + -2 - (5 + (-9 - -3)).
-1
Calculate -1 + -18 - (-71 - -60).
-8
What is 4 + 1 + 3 + -7 + -2?
-1
What is the value of -4 - (-4 + (0 - (-2 - 1)))?
-3
What is the value of 0 - -1 - (-8 + 6)?
3
Calculate 1 - (-4 + (-3 + 4 - -2)).
2
-6 - 1 - (-4 + (-5 - -9))
-7
Evaluate -9 + 0 - -4 - (-1 - 1).
-3
-1 + 1 + (-4 - -4)
0
What is (0 + (6 - 7) - -1) + -7?
-7
What is 5 + 3 + -9 + 5?
4
Evaluate (-5 - -7) + (1 - 2) - -6.
7
-8 + 1 + 23 + -12
4
What is 0 - -2 - (-15 + 20)?
-3
What is 2 - -2 - 6 - (0 - 6)?
4
What is 2 - (3 + 3 + -5)?
1
Evaluate (-1 - 4) + 13 + -4 - -1.
5
What is 5 + (8 - (-1 + 6)) + -7?
1
What is -4 - (-1 + -4 - (-4 + -2))?
-5
What is -2 - -1 - (1 - 3 - 0)?
1
What is -1 - (2 - -4 - 18 - -6)?
5
4 + 5 + (-2 - 8) - -1
0
Evaluate -9 - -15 - (-2 - -3).
5
Evaluate -4 + 4 + (-1 - (-1 - -4)).
-4
-5 - -5 - (-1 - -5)
-4
Calculate 0 + -5 + -6 + 6.
-5
Evaluate (1 + 3 - 1) + 2 - 1.
4
What is (6 + -4 + -1 - -4) + -7?
-2
What is the value of -31 - -23 - (-1 + -7)?
0
What is (4 - 2) + (2 - 2) - 3?
-1
What is the value of -3 + 2 + 3 + -2?
0
-7 + 4 + (-3 - -7) + -3
-2
Evaluate (-11 - -9) + -1 + 4.
1
What is 2 + (2 - 2) + 0?
2
Evaluate -14 - (-10 + 13 + -12).
-5
What is the value of 0 - (3 - 6) - (8 + -1)?
-4
What is the value of 3 + -2 + 4 + -5?
0
What is (11 - 1 - 6) + -4?
0
What is the value of (3 + -6 - -1) + -4?
-6
Evaluate -8 + 9 + -4 + -2 + 4.
-1
(-1 - -6) + (1 - (7 - 2))
1
0 - (5 - (-2 + -1) - 5)
-3
Calculate 3 - (4 - 2) - 2 - 2.
-3
Evaluate -1 + (1 - 1) + 1.
0
-9 - -14 - 2 - 3
0
What is 16 + -5 + 5 + 2 + -9?
9
Calculate -3 + (-1 - -5) + -4.
-3
14 - (18 + (-11 - -1))
6
Evaluate (-2 - -8) + -1 + (-4 - -1).
2
1 + 2 + -1 + 1 + -4
-1
Evaluate (0 - -2) + 1 - -1.
4
What is 1 + -4 + (-2 - -5)?
0
Evaluate 12 + -2 + -10 + 3.
3
3 - (-1 + -3 + 2)
5
What is the value of 4 + -12 + 5 + -4 + 5?
-2
What is -12 + (-6 - 3) + 17?
-4
(8 - -13) + -11 + -11
-1
Calculate (-5 - -7) + 0 - 4.
-2
What is (2 - -1) + (-3 - (-6 - -2))?
4
What is the value of -4 + 13 + -14 - (-2 - 0)?
-3
Calculate (0 + 3 - 3) + 7 + -3.
4
Calculate 7 - (-10 - -15 - 0).
2
What is (-2 - -2) + (-87 - -83)?
-4
What is -13 + (-1 - -4) - (7 - 11)?
-6
What is the value of -2 + 9 + -4 - 7?
-4
-16 + 13 - (7 + -4 + 1)
-7
What is -2 + -1 + 2 - (-1 - 2)?
2
Calculate (-15 - -3) + 14 - (3 + 0).
-1
Calculate -2 + 8 + (-7 - -5) - 2.
2
What is the value of 4 + -8 + -8 - -8?
-4
Evaluate (65 - 74) + (4 - 0) + 0.
-5
7 + -2 + -6 + 4
3
(7 - 2 - (1 - 0)) + -6
-2
Evaluate -12 - (-8 + (-11 - -10)).
-3
-5 + 2 + (2 - 3) + -1
-5
Evaluate 8 + -6 + 0 - 1.
1
Calculate 11 + (-20 - -14) + (3 - 3).
5
Evaluate -8 + 7 + (6 - -1).
6
10 + (-27 - -7) + 11
1
What is the value of 14 + -5 + -13 + -7?
-11
Evaluate -4 + (8 + -4 - 1) + -2.
-3
What is the value of (0 - -1) + 8 - (0 + 3)?
6
What is -5 - (-6 - -2 - (-1 - 1))?
-3
Evaluate 2 + (5 + -11 - 4).
-8
Calculate -3 - (3 + -5) - (1 - 5).
3
Calculate (-1 + -3 - -4 - -2) + 0.
2
-8 + (1 - -6) + -10 + 2
-9
What is the value of 8 + (-11 - -6) + -5 - 7?
-9
Evaluate -1 + 0 + 14 + -4 + -5.
4
What is -2 - -5 - ((1 - 0) + 2)?
0
Calculate 1 + 3 + (5 - -5 - 9).
5
Evaluate 26 - 35 - ((4 - 4) + 1).
-10
What is the value of (0 - 1) + 2 - 0 - -4?
5
21 + -18 + (6 - 4)
5
Evaluate -2 + (-5 - -5) + 6.
4
What is (0 - (6 - 13)) + -4?
3
What is the value of 0 - (7 + -8 + 2)?
-1
Calculate 3 + -6 + -2 + 6 + 0.
1
What is the value of 0 + (-2 - (-11 + 9))?
0
6 + (2 - 4) + (-11 - -5)
-2
Calculate 12 - (5 + -7 + 7).
7
-6 + 9 + 1 + 0 + 1
5
Calculate (5 - 3) + 1 + -2 - 2.
-1
Evaluate (0 - -1) + 4 + -8.
-3
What is -1 + 6 - (-7 + (-8 - -15))?
5
(1 + -4 + 2 - -1) + -1
-1
What is (107 - 102) + (-2 - (-5 - 2))?
10
What is 7 - 3 - -4 - 15?
-7
-2 + 1 + 1 + -1 - 4
-5
(-1 - (-3 - 16)) + -11
7
Calculate -1 - ((-2 - (-1 + 2)) + -1).
3
What is the value of -4 - (8 + (-7 - 6))?
1
What is (-6 - -2) + -7 + 6?
-5
Evaluate 4 + 1 + -10 - (-5 - 1).
1
Evaluate (5 + -2 - -2) + (-22 - -16).
-1
Evaluate 1 + (7 - 8) + (-3 - -1).
-2
Calculate 5 + (-3 - 0) - (8 + 2).
-8
What is 0 + (-5 + 8 - (2 + 2))?
-1
Calculate -7 + 4 - (-4 + 4).
-3
Calculate -1 + (2 - -4) - (-16 + 22).
-1
Calculate -2 + -3 - -3 - -2 - -2.
2
What is 0 + (-9 - (-3 - 2)) - -5?
1
11 + -7 + (-6 - -3) + -8
-7
Calculate -1 + -3 + 2 + (-5 - -6).
-1
Evaluate (-3 - -6) + -3 + 2.
2
Evaluate -2 - (2 - (9 - 2) - -9).
-6
Evaluate -1 - -2 - (-5 + (9 - 5)).
2
Evaluate -6 + 5 + 0 - 0.
-1
Calculate (-2 - -2) + (5 - 6) + 1.
0
Calculate (0 - 1) + -2 + 25 + -19.
3
Calculate 2 + (7 - 10) + 1 + 1.
1
What is -8 + (8 - 3) - (-1 + 4)?
-6
(-5 - -13) + 0 - (3 + 0)
5
Evaluate (-5 - -9 - -4) + (-4 - 2).
2
What is the value of 8 - (-2 - (6 + (3 - 12)))?
7
Evaluate 5 + 3 + -9 - 6.
-7
Calculate (-3 - -11) + -7 - (-1 - 2).
4
Evaluate 17 + -12 + (2 - 13) + 3.
-3
What is -1 + (10 - 5) + -3?
1
-3 + 3 + -7 - -11
4
Calculate 7 + (0 - 2) + -12 - -4.
-3
What is the value of (-6 - -1) + (-24 - -27)?
-2
What is the value of 6 + -10 + -4 - -8?
0
-3 - (-2 - -1) - (7 + -12)
3
What is -1 + -5 - (3 - 13)?
4
Evaluate 1 + 5 - (103 + -101).
4
What is the value of -4 - (-14 + (0 - -6) + 6)?
-2
0 + (14 - 5) + -9
0
Evaluate 0 - 13 - (183 - 192).
-4
Evaluate -13 + 4 + 5 + 2.
-2
Evaluate -1 - (-3 + 1) - (-3 + 2).
2
Calculate (-3 - 0) + 3 + 10 + -6.
4
Calculate 11 + -2 + -6 + -2 + 3.
4
Evaluate 1 + -2 + 3 - (-7 - -9).
0
Calculate -5 + (-1 - -22) + -8 + -6.
2
Calculate -1 + -9 - (70 + -75).
-5
What is the value of (2 - 4) + (-1 - 2 - -5)?
0
Evaluate -7 - 0 - (-40 + 32).
1
What is -11 + 1 + 8 + 12?
10
What is the value of 11 - 19 - (-3 + -2)?
-3
Evaluate 11 - (15 + -13) - 6.
3
What is -6 + (-7 - (-7 + 2) - 0)?
-8
What is the value of 15 + 7 + -14 - (-1 + 6)?
3
(-3 + 3 - -3) + -5
-2
What is -7 + -3 - (-30 - -16)?
4
Evaluate 3 - (14 + -2 + -11).
2
4 + -1 + (-3 - 2)
-2
Evaluate 5 + 3 + -9 + (0 - 0).
-1
Calculate -3 + (1 + 4 - 3).
-1
(0 - 5) + 7 + 1
3
What is (-2 - (-13 - -9)) + (-1 - 7)?
-6
What is -3 + -2 + -3 + 3 + -1?
-6
What is (13 - (6 + (6 - 5))) + -2?
4
What is the value of -4 + (-1 - (2 + -6 + 1))?
-2
(5 - 7) + 9 - 